0. What is the remainder when 13/(5/4 - 1) is divided by l?
16
Suppose f = 14 - 6. What is the remainder when 8/4 + 11 + 1 is divided by f?
6
Let z be (1/(-3))/((-3)/18). Suppose -z*g + 8 = 2*g. Suppose 0 = -k + 4 - 1. What is the remainder when k is divided by g?
1
Let n = -3 - -6. Suppose 3*j - 42 = 3*m, -n*j - 4*m = -j - 46. Suppose 3*h = -3*l + 93, 3*h = -0*h - 5*l + 91. Calculate the remainder when h is divided by j.
15
Suppose 2*i = -0*i + 4, -4*n = -2*i - 12. Suppose 0 = -9*j + n*j + 230. Let f(r) = 2*r**2 - 4*r. Calculate the remainder when j is divided by f(4).
14
Suppose 0 = -5*t - 3*q + 100, q - 20 = -3*q. Calculate the remainder when t is divided by 6.
5
Let o(m) = -m**3 + 4*m**2 + 15*m - 2. What is the remainder when 127 is divided by o(6)?
15
Calculate the remainder when 84 is divided by (-2)/((-54)/(-119) - (-12)/(-21)).
16
Let z = 12 + -1. Let t(d) be the first derivative of -d**3/3 + 9*d**2/2 + 6*d + 2. What is the remainder when t(7) is divided by z?
9
Suppose 0 = -30*d + 21*d + 486. What is the remainder when d is divided by 15?
9
Let z(n) = n**3 + 5*n**2 + 3*n + 2. Let g be (2 + 4)/(9/(-6)). Suppose -t + 10 = -2*w, -30 = -2*t - t + 4*w. What is the remainder when t is divided by z(g)?
4
Let z(c) = -c**3 + 13*c**2 + 15*c + 12. Calculate the remainder when z(14) is divided by 14.
12
Let b(p) = -p**2 - 13*p + 1. Let w(a) = a - 5. Let i be w(-4). Calculate the remainder when b(i) is divided by 13.
11
Let m = 76 + -53. Calculate the remainder when m + 5 + 1*-2 is divided by 9.
8
Let x = -123 + 144. What is the remainder when 250 is divided by x?
19
Let k = 56 - 29. Let x = k + -11. What is the remainder when 30 is divided by x?
14
Suppose 3*f - 107 = 1. Suppose -7*c + f = -3*c. Calculate the remainder when c is divided by 6.
3
Suppose -2*f - 10 = -k, 5*k + 4*f = k + 4. Suppose -c = 3*l + 1 - 2, 4*l + 84 = k*c. Calculate the remainder when c is divided by 10.
6
Let h = 13 - 12. What is the remainder when 9 is divided by h + -1 + -1 - -6?
4
Suppose -10*x = 2*u - 6*x - 52, 4*u = 2*x + 84. Calculate the remainder when 72 is divided by u.
6
Let b = -1 + 5. Suppose u - 1 = 0, -20 - 6 = -3*y + u. Calculate the remainder when y is divided by b.
1
Suppose -y = 4*y + r - 84, -3*r - 4 = -y. Calculate the remainder when 44 is divided by y.
12
What is the remainder when 16 is divided by (1 - 2) + 350/50?
4
Suppose 5 = -t + o + 13, -2*o - 22 = -3*t. Suppose -4*m + 2*z + 114 = 0, 2*z = m + t*z - 24. What is the remainder when m is divided by 10?
8
Let q(z) be the first derivative of 3*z**3 - 2*z - 3. Calculate the remainder when q(-2) is divided by 9.
7
Suppose 0 = 4*a - 4*i - 96, -a + 32 = 4*i - 2. What is the remainder when 51 is divided by a?
25
Calculate the remainder when (-2 + (-45)/(-2))*(0 + 2) is divided by 11.
8
Calculate the remainder when 2/3*213 + (1 - 1) is divided by 24.
22
Let z(d) = -8*d + 41. Let c(f) = 3*f - 14. Let g(u) = -11*c(u) - 4*z(u). Let k be g(0). Calculate the remainder when 169/5 - 2/k is divided by 18.
16
Let d(s) = s**3 - 6*s**2 - s + 6. Let p be d(6). Let n be 2 + p - 11/(-1). Let g = 31 - n. Calculate the remainder when g is divided by 10.
8
Let h = 5 - 3. Suppose h*m - 23 = -4*n + 7, -60 = -4*m - n. Let o = 56 - 28. What is the remainder when o is divided by m?
13
Suppose -18 = -4*i - 2*v, 0 = -2*i + 3*v + 6 - 17. Calculate the remainder when 10 is divided by -1 + (-1 - -6) + i.
4
Let j = -55 + 61. What is the remainder when 47 is divided by j?
5
Suppose 0 = -0*m - 2*m + 14. Let x(k) = k - 7. Let s be x(11). Suppose 4*d + 80 = -0*w + 4*w, -3*w - s*d = -60. Calculate the remainder when w is divided by m.
6
Suppose 0 = -2*n + 3*n + 2*w - 20, 124 = 4*n - 3*w. Let o(k) = -2*k**3 + 2*k + 1. Let u be o(-1). Calculate the remainder when n is divided by 9/1 + (u - 0).
8
Suppose -5*c - x + 124 = -2*x, 0 = 4*c + 2*x - 102. Let z = c - 3. What is the remainder when z is divided by 8?
6
Suppose -28 = -3*s - 2*l, -32 = -4*s - l + 12. Calculate the remainder when 23 is divided by s.
11
Let i = 8 - -1. Let s(p) = -p**3 + 2*p**2 + 7*p - 5. Let w be s(4). Let j = -4 - w. Calculate the remainder when i is divided by j.
4
Let r(y) = 6*y + 1. Let z(w) = 7*w - 1. What is the remainder when z(2) is divided by r(1)?
6
Suppose 13 = 4*u - 63. Suppose -2*i - 3*v = -4, -4*v + 0*v - 13 = -i. Suppose -5*c + 5*p - i = -15, 13 = -c + 4*p. What is the remainder when u is divided by c?
5
Let d(i) = 4*i - 4. Let h(m) = -2*m - 3. What is the remainder when d(7) is divided by h(-6)?
6
Suppose -4*w + 5*z = w - 40, -2*z = 2*w - 4. Suppose h + 30 = w*r, -4*r + 13 = -2*h - h. Calculate the remainder when 12 is divided by r.
5
Let a be 8289/15 - 6/10. Calculate the remainder when 5/(-2)*a/(-20) is divided by 24.
21
Let m(z) = z**2 - 5*z + 29. Calculate the remainder when m(11) is divided by 14.
11
Suppose 5*g = -4*q + 23, -7*q + 20 = 4*g - 3*q. What is the remainder when 6 is divided by g?
0
Let k(j) = 3*j + 2 + 7 + 7*j + 2*j. Let p(b) = 18*b + 14. Let y(a) = -8*k(a) + 5*p(a). What is the remainder when y(-8) is divided by 24?
22
Suppose 28 = -2*d + 58. Calculate the remainder when 89 is divided by d.
14
Suppose 0 = 5*y - a - a - 1333, -2*a + 2 = 0. What is the remainder when y is divided by 54?
51
Suppose 7*b - 56 = 3*b. Calculate the remainder when 25 is divided by b.
11
Calculate the remainder when 46 is divided by (-119)/14*(1 + -3).
12
Let z(k) = -2*k + 2. What is the remainder when 9 is divided by z(-1)?
1
Suppose -3*x - 37 = -4*u - 1, -2*u - 5*x = -44. Calculate the remainder when 31 is divided by u.
7
Let z(g) = -g**3 + g**2 + 6*g + 2. Let x be z(-4). Suppose -2*p = -3*c + 7 - x, -4*p - 5*c = -47. What is the remainder when 53 is divided by p?
17
Let a = 2 + 0. Let p = 2 + a. Suppose 4*d = 2 - 6, 0 = p*x - 2*d - 142. Calculate the remainder when x is divided by 12.
11
Suppose -x = 4*x - 95. Suppose 0 = 2*m + 3*t + 147, -304 = 4*m - 5*t + t. Let q = 111 + m. Calculate the remainder when q is divided by x.
17
Let y = 4 - 0. Suppose 4*x - 2*x + 3*r - 42 = 0, -x + 32 = -4*r. Suppose -b - x = -5*b. What is the remainder when b is divided by y?
2
Let u = -4 - -20. Let w(t) = t**2 + 2*t + 11. Calculate the remainder when w(5) is divided by u.
14
Suppose 2*n - 3*i = 25, -5*n + i + 64 = 21. Suppose 5 = -5*a + 15. Suppose -2*l + 40 = a*h, -5*h - n = -h. What is the remainder when l is divided by 8?
6
Let t = -1 + 3. Let b be (-2)/t - (-72)/4. Let f = b - -18. Calculate the remainder when f is divided by 12.
11
Let p(f) = -f - 5. Calculate the remainder when 16 is divided by p(-16).
5
Calculate the remainder when 7 is divided by (-39)/65 - (-28)/5.
2
Suppose 0 = -n + 5 + 2. Let c = 0 + n. Let y(i) = -2*i**3 - 2*i**2 - i + 2. What is the remainder when y(-2) is divided by c?
5
Let g(x) = -x - 2. Let q be 5/2*8/(-10). Let l be g(q). Suppose 3*j + a - 35 = l, 2*j + 2*j - 60 = 2*a. Calculate the remainder when 25 is divided by j.
12
Suppose 5*t - t + 20 = 0. Let b = 1 - t. Let u(z) = -z**3 + 4*z**2 + 2*z + 2. What is the remainder when u(3) is divided by b?
5
Let t = 83 + -39. Let n = -25 + t. Calculate the remainder when n is divided by 78/8 + (-1)/(-4).
9
Let x(z) = z + 1. Let t be x(5). Suppose -3*o - t = -18. Suppose -5*i - 51 = -4*g - 12, o*g - i - 27 = 0. Calculate the remainder when 17 is divided by g.
5
Calculate the remainder when 88 is divided by 12/(-45)*3 + 79/5.
13
Suppose 0 = 5*q - 25, 4*t - 5*q + 1 + 0 = 0. What is the remainder when 26 is divided by t?
2
Let n = 1 + 56. What is the remainder when n is divided by 29?
28
What is the remainder when 5 - -12*(-10)/(-4) is divided by 6?
5
Let o(v) = v**3 - 7*v**2 + 4*v - 9. Let g be o(7). Suppose 4*h - g = 9. Suppose 3*b = -168 + 204. What is the remainder when b is divided by h?
5
Suppose -5*y + 2 = -38. Suppose y = s - 1. What is the remainder when 26 is divided by s?
8
Let p(y) be the second derivative of -y**5/20 + y**4/3 + y**3/2 - y**2 - y. Let k be p(6). What is the remainder when (k/(-21))/((-2)/(-30)) is divided by 14?
12
Let p(y) = 2*y**2 - 11*y - 5. Let m be p(9). Let r = m + -38. Let z(a) = -8*a - 1. Calculate the remainder when r is divided by z(-1).
6
Suppose -3*c + 8*c - 235 = 0. Calculate the remainder when c is divided by 12.
11
Suppose 4*t = -3*t + 1148. Calculate the remai